c + 0 - 3. Give y(z).
1
Let v(h) = 0 - 5 - h**2 - 5*h + 2*h - h. Let i(g) = g**2 - 4. Let d be i(0). Let a be 15/d - (-1)/(-4). Calculate v(a).
-5
Let t(w) = -3*w**2 - w + 2. Let l(b) = -b**2 - 11*b + 4. Let f be l(-11). Suppose 4*y - 3*v = -20, 4*y + f*v + 4 = 3*v. Calculate t(y).
-8
Let n(g) = 2*g + 11. Let z(q) = 4*q + 21. Let c(f) = -11*n(f) + 6*z(f). Suppose 4*r - u + 4*u + 11 = 0, 2*r - u + 13 = 0. Give c(r).
-5
Suppose 0*t - 2*g + 42 = 4*t, -5*t + 55 = 3*g. Let d(z) = -z**3 + 7*z**2 + 9*z + 1. Give d(t).
9
Let w(t) be the second derivative of -t**4/6 - t**3/3 + t**2/2 - t. Let c be (-15)/9 - 15/45. Calculate w(c).
-3
Suppose 3*l = l + 10. Suppose -3*d + 2 + 4 = i, 0 = 4*i + l*d - 17. Let k(h) be the third derivative of -h**5/30 + h**4/6 - h**2. Calculate k(i).
-6
Let p(w) = -2*w + 7. Let g = -4 + 9. Let s be p(g). Let z(d) be the third derivative of d**5/30 + 5*d**4/24 + d**3/3 + 2*d**2. Determine z(s).
5
Suppose -5*y + 4 + 21 = 0. Let w(k) = -6*k**3 + k**2 - 2*k - 1. Let x(a) = 7*a**3 + a + 2. Let p(v) = 6*w(v) + 5*x(v). Determine p(y).
-6
Let f(j) = j**3 - 5*j**2 - j + 7. Let r = -4 - -22. Let y be (-10)/3*r/(-12). Determine f(y).
2
Let k(n) = -2*n**2 - 3*n + 4. Let b(o) = 2*o - 17. Let j be b(7). Give k(j).
-5
Let m be (0 - -3)*(-8)/(-6). Let x(o) = 3*o**3 - m*o**3 - 6*o**2 + 0*o**3 + 0*o**3 - o + 7. Give x(-6).
13
Let i(x) = x. Let t be i(2). Let o = t - 1. Let n(c) = -5*c + 1 - o + 2 + c**2. Give n(3).
-4
Let a(s) = 3*s**2 - 3*s. Suppose -5*d = -2*g + g - 14, -4*g = d + 14. Determine a(d).
6
Let j(r) = r**2 + 6*r - 4. Suppose -38*b = -39*b - 7. Determine j(b).
3
Let r = 1 - 4. Let t(h) = -2*h**2 - 2 + 40*h - 42*h - 1. Give t(r).
-15
Let w(f) be the second derivative of f**5/20 + f**4/2 - f**3/6 - 3*f**2/2 + f. Determine w(-6).
3
Let h(w) = 4*w**3 - 2*w**2 + w. Let l be (6/(-2))/(-3) - 0. Let v be h(l). Let p(y) = -y**2 - 2*y - 1. Let n(r) = r**2. Let u(o) = 2*n(o) + p(o). Give u(v).
2
Let p(w) be the third derivative of 0*w**5 + 0*w + 1/24*w**4 + 0 + w**2 - 1/6*w**3 + 1/24*w**6. Determine p(1).
5
Let x(p) = -p**2 - 7*p + 1. Suppose -25 = 15*b + 95. Give x(b).
-7
Let r be 2/3*(-12)/8. Let i(b) = 7*b**3 + 7*b**2 + 11*b + 2. Let c(m) = -3*m**3 - 4*m**2 - 6*m - 1. Let x = 6 + 0. Let y(p) = x*i(p) + 11*c(p). Calculate y(r).
-10
Let q(f) = -f + 3. Suppose 5*u + 29 = -3*x, -31 = 4*u + 2*x + 3*x. What is q(u)?
7
Let u(z) = -2*z**3 + z. Let c be u(-1). Let b(d) = -4*d**3 + d**2 - 1. Give b(c).
-4
Let k(j) = j**2 + j + 24. Let a(q) = q**2 - 1. Let y be a(-1). Calculate k(y).
24
Let a(p) = -4*p + 7. Let t(m) = -7*m + 13. Let d(v) = -5*a(v) + 3*t(v). Let k = 10 - 10. Suppose y + 3*y - 20 = k. Calculate d(y).
-1
Let a(x) be the third derivative of -x**6/120 - x**5/60 + x**4/12 - x**3/6 + 29*x**2. Give a(-2).
-1
Let s(b) = -3*b - 10. Let d be (7/2)/(3/2 - 2). What is s(d)?
11
Let i(k) = -10*k + 18. Let v be ((-10)/(-8))/((-1)/4). Let w(q) = 4*q - 7. Let z(f) = v*i(f) - 12*w(f). Let m = 3 - -1. Give z(m).
2
Suppose 2*i - 6 = -5*x, i + x + x - 3 = 0. Let l(b) be the third derivative of -1/6*b**4 + 0*b - 1/120*b**6 - 1/10*b**5 - 2*b**2 + 2/3*b**i + 0. What is l(-5)?
-1
Let i be (-5)/20*(0 + -4). Let d(t) = -14*t + t**2 + i + 11*t + 6*t. What is d(-2)?
-1
Let l(z) = -2*z**2 - 2*z - 3. Let b = -10 - -10. Suppose b = -4*g - 10 - 2. Calculate l(g).
-15
Suppose -6*j - 24 = 12. Let z(y) = -y**3 - 7*y**2 - 8*y - 9. Calculate z(j).
3
Let m be -1*3 - (-6 - -4). Let z be (0 - 1)*(2 + m). Let u(b) = -9*b - 1. What is u(z)?
8
Let s = -13 - -8. Let l(d) be the third derivative of d**2 + 0*d + 0 - 1/12*d**4 + 0*d**3. Give l(s).
10
Let k be 2/4*(3 - -1). Let h(s) = 9*s**2 + 4*s + 3. Let l(n) = 4*n**2 + 2*n + 1. Let r(d) = k*h(d) - 5*l(d). Give r(-3).
-11
Let s(g) = 3*g - g**3 + 7 + 3*g**2 - 2 + 0. Suppose -5*y = 5*y - 40. Give s(y).
1
Let b(h) = -h - 1. Let f(u) = 7*u + 5. Let k(s) = -6*b(s) - f(s). Let x be ((7 + -2)*1)/(-1). What is k(x)?
6
Let p(n) be the third derivative of n**6/120 + n**5/60 - n**4/12 - n**2. Let z(h) = 16*h**2 - 2*h + 1. Let q be z(1). Let k be 3/5 - 39/q. Determine p(k).
0
Suppose -b - 3*v - v = -4, -4*v + 4 = 5*b. Let j(i) be the third derivative of i**2 - 1/24*i**6 - 1/24*i**4 + 0*i**3 + 0 + 1/30*i**5 + b*i. Calculate j(1).
-4
Let p(i) be the third derivative of i**4/24 + i**3/3 + 6*i**2. What is p(-6)?
-4
Let k(j) = 1 - 8*j - 4 + 0. Let z(b) = -b - 1. Let x(d) = k(d) - 6*z(d). Let i be x(2). Let t(h) = -6*h**3 + h**2 - 1. What is t(i)?
6
Let f(t) = -3*t - 5 - 4*t + 9*t - 3*t. Give f(6).
-11
Let s(w) = 2*w - 4. Let g(k) = -1. Let v(j) = 4*g(j) - s(j). Suppose -6*z + 12 = -4*z. Calculate v(z).
-12
Let t(g) = g**2 + 7*g + 3. Suppose -l - 39 = -3*m, 6*l + 15 = l. Let d = 6 - m. Calculate t(d).
-3
Let i(h) be the second derivative of -h**5/20 - h**4/3 + h**3/3 + 3*h**2 - 9*h. Calculate i(-4).
-2
Let z be 2*2/(-4) - 26. Let v be (-6)/z - (-6)/(-27). Let a = 4 + v. Let b(h) = h + 1. Calculate b(a).
5
Suppose -8*m = -0*m - 48. Let p(i) = -i**3 - 4*i**3 - 5*i + 2 + 7*i**2 + 4*i**3. Give p(m).
8
Let s = -5 + 8. Suppose -h = 4, 0 = 2*o + s*o + 5*h + 40. Let y(f) = -f + 2*f**2 - 2*f**3 - 3*f**3 + 6*f**3 + 2*f**2. Give y(o).
4
Let i(q) = -q**2 + 13*q - 39. Let b be i(7). Let s(n) be the first derivative of 1/3*n**b - 3 - n - 1/2*n**2. Calculate s(-1).
1
Let s(g) = 3*g**3 + 17*g**2 + 5*g + 7. Let z(d) = -2*d**3 - 9*d**2 - 3 - 3*d - d**3 + d**3. Let k(n) = -3*s(n) - 5*z(n). Determine k(6).
-6
Let l = -4 - -3. Let q(s) be the second derivative of 1/2*s**2 - 1/6*s**4 + 0*s**3 - 2*s + 0. Calculate q(l).
-1
Let a be (2 - 1)/(7/21). Let m(r) be the second derivative of 3/2*r**2 + 1/12*r**4 - 3*r - r**a + 0. Give m(5).
-2
Suppose -15 = -9*y + 3. Let s(p) = 2*p**3 + 2*p**2 - 4*p + 2. What is s(y)?
18
Suppose -5*s = -4*k + 1, -2*k = s + s + 4. Let d be 1/(k - (-4)/6). Let j be d/9 - (-3)/9. Let l(q) = q + 6. What is l(j)?
6
Let f(s) = 7*s - 4*s + 4 + s. What is f(-5)?
-16
Let z(n) = -3*n + 7. Suppose -6*s + 5*c - 37 = -2*s, 5*s + 40 = 5*c. Let t be s/4 + 23/4. What is z(t)?
-8
Let c(u) = u - 2. Let x(y) = -y - 10. Let w be x(-6). Give c(w).
-6
Let o(w) = w**3 - w - 1. Let k be o(0). Let s be -3 + 0/k - 1. Let u(q) = q**3 + 4*q**2 - 2. Give u(s).
-2
Let q(a) = -5*a + 1. Let n(i) = -i. Let o(j) = -2*n(j) + q(j). Let p(l) = -1 - 2*l + 0*l - 2*l + 10*l. Let v(y) = -13*o(y) - 6*p(y). Calculate v(5).
8
Let h(a) be the first derivative of 1/2*a**2 - 2*a**3 - 5*a + 1/4*a**4 - 3. Give h(6).
1
Suppose p - 2*j + 12 = 0, p + 6*j = 3*j + 3. Let k(u) = u + 1. What is k(p)?
-5
Let m(c) = -c + 1. Let g(n) = -n + 2. Let p(t) = 4*g(t) - 5*m(t). Let l(h) = 2*h**2 + h. Let v be l(-1). Let s = v + -3. What is p(s)?
1
Let u be (2/(-6))/(1/(-9)). Let v(x) be the third derivative of x**5/60 - x**4/24 - x**3/2 + 7*x**2. What is v(u)?
3
Let v(b) = 2*b. Let r be v(1). Let j(q) be the second derivative of 2*q**3/3 - q**2/2 + 10*q. Determine j(r).
7
Suppose 0 = 5*a - 5, -2*a + 0*a = -2*z - 10. Let w(m) = -4*m - 2. What is w(z)?
14
Let a = -38 + -70. Let v be a/10 - 2/10. Let x = v + 15. Let m(p) = -p**3 + 6*p**2 - 6*p + 1. Calculate m(x).
9
Suppose 5*k - 2*k - 15 = 0. Let d be (k/(-5))/(2/4). Let v(x) = x**2 + x + 1. What is v(d)?
3
Let x(w) = w**2 + w + 1. Let u(q) = -2 - 8*q**2 - q**2 + 3*q**2 - 3*q - q**2. Let y(f) = -u(f) - 6*x(f). Determine y(4).
0
Let p = 8 - 6. Let x(s) = -s**3 + s**2 - 1. Determine x(p).
-5
Let t = -4 + 6. Let s(a) = 3 + t - 1 - 3 - a. Give s(-1).
2
Let t(l) = l - 5. Let w(r) = r - 3. Let x be w(6). Suppose 25 = 5*n + 5*q, x*q = -4*n + 20 - 4. Let v be -1 + (-1 + n - -6). What is t(v)?
0
Let d(t) be the first derivative of -t**4/4 - 5*t**3/3 + 6*t - 7. Determine d(-5).
6
Let w(o) be the first derivative of -o**4/4 + 4*o**3/3 - o**2/2 - 2*o + 3. Suppose -5*x = -4*x - 3. Determine w(x).
4
Suppose -3*u = -0*w + 3*w - 27, -2*u + 22 = 4*w. Let f(q) = -q**3 + 6*q**2 + 8*q - 5. Determine f(u).
2
Let z(t) = 3*t**2 + 2*t**2 - 2*t**2. Let r(o) = o**3 + 3*o**2 - 4*o - 1. Let h be r(-4). Give z(h).
3
Suppose 0 = 2*r - u - 7 - 1, 3*r + u - 17 = 0. Suppose -4*l + 2*h = -3*h - 13, -4*l - r*h = -3. Suppose l*t = 7*t - 5. Let j(m) = 3*m**2 + 1. Give j(t).
4
Let i = 2 - -1. Suppose 0 = i*l - 5*l + 6. Let s be (1 + l/(-3))/1. Let g(p) = p**2 + 10. Calculate g(s).
10
Let n(s) =